, 69 = 3*p - 3*l. Calculate the greatest common factor of p and 152.
19
Suppose 3*b - 17 = -2. Suppose b*j - 4 = 2*m, -4*j + 4 = -5*m + 11. Let i be (-1)/m - (-44)/6. Calculate the highest common divisor of i and 7.
7
Let v be 1/2 - (-15)/(-2). Let d be -2 + (-1 - 0) - v. Suppose -5*t = -d*t - 5. What is the greatest common factor of t and 25?
5
Suppose -5*z + 9*z - 107 = 5*v, 0 = -v + 1. What is the greatest common divisor of z and 1?
1
Suppose q + 5 - 1 = 0. Let v = 16 + q. Suppose 4*z - z - v = 0. Calculate the highest common divisor of 44 and z.
4
Let s(x) = -x**3 + 7*x**2 - 4*x. Let r be s(5). Let w be 40*(5/(-2) - -3). Calculate the highest common factor of r and w.
10
Let t(g) = 5*g + 1. Let f(i) = -3*i - 1. Let v be f(-1). Let b be t(v). Let a = -87 - -175. Calculate the greatest common divisor of b and a.
11
Let v(g) = -2*g + 1. Let x be v(6). Let a be x/(-2) + 1/2. Calculate the greatest common divisor of 2 and a.
2
Suppose 100 - 40 = 2*m. Suppose -3*z - 15 = -0*z. Let t = 25 + z. Calculate the highest common factor of t and m.
10
Let n be (-10)/12*-2*3. Suppose -n*w - 12 = -2*w. Let k = 0 - w. What is the greatest common factor of k and 1?
1
Let u be 4/(-2) + (1 - -24). Let c(h) = -208*h - 1. Let t be c(-1). Calculate the greatest common factor of u and t.
23
Let v be (-2 - -2) + -2 + 4. Suppose j - v*o - 9 = o, 4*o + 8 = 0. What is the highest common divisor of 24 and j?
3
Let z be (-364)/18 + (-8)/(-36). Let w be z*5/((-15)/9). Let q be (-124)/(-10) - (-2)/(-5). Calculate the greatest common factor of q and w.
12
Suppose j = -4*w + 2*w + 4, 10 = -2*w. Let v be 4/(-20) + (-2418)/(-15). Suppose 3*t - 175 = v. Calculate the highest common factor of t and j.
14
Suppose -4*w + 13 = 1. Let c(b) = 2*b**2 + 1 + 0 - 2*b - b**2 - b. Let g be c(w). What is the highest common divisor of 2 and g?
1
Let q = -92 - -169. Let y be 1*(2 + 3 + 2). Calculate the greatest common divisor of q and y.
7
Let u = -175 + 301. Suppose 2*z + k - 4 = 5, 3*z + k = 13. Suppose -z*l + l = -5*x - 42, -5*l = -5*x - 70. What is the greatest common divisor of u and l?
14
Suppose -p = -11 - 5. What is the highest common factor of p and 128?
16
Let g = -6 - -11. Let k = 15 + g. Suppose z + z = k. Calculate the greatest common factor of 80 and z.
10
Let h be (-1 + 34/10)*65/26. Let v = 8 - -7. What is the greatest common divisor of h and v?
3
Let g = 2 - 0. Let u = 10 - 0. Let f = u - g. What is the greatest common divisor of f and 16?
8
Suppose -w + 209 = 3*b, w - b + 19 = 232. Suppose w = 2*y - 250. Calculate the greatest common divisor of 21 and y.
21
Suppose 16 = 4*u, 4*p - u + 0*u = 2748. Suppose 0 = -5*h + 10, -5*g = -h - 136 + p. Let y = 155 + g. Calculate the greatest common factor of 5 and y.
5
Let b = -43 + 47. What is the greatest common divisor of 6 and b?
2
Let f be 3 - 0 - (-33)/1. Suppose -2*a + 30 = 4*v, 7*a + 12 = 3*a. What is the highest common factor of v and f?
9
Let r be (-11)/(-2*(-2)/(-28)). Calculate the greatest common divisor of r and 11.
11
Suppose 5*d = 5*a, 4*a - 7 + 25 = -5*d. Let f = 2 + d. Let g be (4 - 3) + 7 + f. What is the greatest common factor of 16 and g?
8
Suppose 0 = -i + 1, g + 2*i - 362 = -2*g. Suppose g = 8*s - 3*s. Suppose -7*t - 61 = -313. What is the highest common divisor of s and t?
12
Let v(k) = -36*k - 4. Let u be v(-7). What is the greatest common divisor of 31 and u?
31
Let h be (-126)/(-15) - 2/5. Suppose h = 3*i + 2. Calculate the highest common divisor of 4 and i.
2
Let q(x) = -x**3 + 5*x**2 - 3*x + 6. Let o be q(4). Calculate the highest common factor of o and 50.
10
Let h be (-112)/(-24)*3/2. Calculate the highest common divisor of h and 7.
7
Let h = -103 + 116. Calculate the highest common factor of 221 and h.
13
Let d = 201 + -116. Let o be 5*(34/20)/((-4)/(-8)). Calculate the greatest common factor of o and d.
17
Let m be (-30)/4*(0 + -2). What is the greatest common factor of m and 15?
15
Let w(b) = -b**3 - 8*b**2 + 8*b - 6. Let v be w(-9). Let o be v/(2 - 172/88). What is the highest common divisor of 6 and o?
6
Suppose -q - 5 = -2*z, -3*q = z - 3*z + 7. Suppose -5 = -z*b + b. Suppose b*g = 25, 0*k - 4*k = -4*g - 44. What is the greatest common divisor of k and 176?
16
Let f be (-4 + 2)*(-1815)/10. Calculate the highest common divisor of 33 and f.
33
Suppose s = h + 21, -104 = -5*s - 4*h + 8*h. Calculate the highest common divisor of s and 180.
20
Let v(x) = 3*x**2 + 3*x. Let w be v(-5). Suppose u = -2*u + w. Calculate the greatest common factor of 20 and u.
20
Suppose 5*h = -3*t - 2*t - 35, 0 = -2*h - 5*t - 26. Let w = 19 + h. Calculate the greatest common divisor of w and 48.
16
Suppose -3*v + 14 + 10 = 0. Let t(w) = 4*w**2 - 1. Let u be t(1). Let q be (0 - u) + 45/3. What is the highest common factor of q and v?
4
Suppose 0 = -16*c + 24*c - 880. Calculate the highest common factor of c and 10.
10
Let f = 3 - 6. Let c be 5/(-15) - 7/f. Suppose -1 = c*g + 5, -33 = -4*u - 5*g. Calculate the highest common factor of u and 6.
6
Let i(q) = -q**3 + 7*q**2 - 6*q - 4. Let h be i(6). Let t be (h - -2)*198/(-4). What is the greatest common factor of t and 9?
9
Let p(v) = v**2 - 4*v - 8. Let z be p(6). Suppose -44 = 4*h - 8*r + z*r, h = 3*r - 15. Let b = h - -21. What is the highest common divisor of b and 48?
12
Suppose 0 = -3*a + 214 + 248. What is the highest common factor of 22 and a?
22
Let v = 3 + -11. Let z(a) = -10*a + 11. Let t be z(v). Calculate the greatest common factor of 13 and t.
13
Let b(i) = i + 10. Let d be b(0). Suppose -8*z + d*z - 252 = 0. What is the greatest common divisor of z and 14?
14
Let z = 11 + -6. Suppose 0 = 2*u - z*u + 36. Let j = 21 - u. Calculate the highest common divisor of j and 36.
9
Let d(p) = p**3 + 8*p**2 - 10*p - 6. Let u be d(-9). Let a = u - -14. What is the greatest common divisor of a and 153?
17
Suppose 0 = 3*p - 5*p - 28. Let y be (p - 0)*17/(-2). Calculate the highest common factor of 17 and y.
17
Let l be (-1)/(9/(-8) + 1). Let y be (-2)/8 - (-906)/l. Suppose 247 = 4*r - y. What is the highest common factor of r and 10?
10
Let v(s) = -s**2 - 3*s + 5. Let q be v(-4). Let y be (-1)/(-2)*16/q. Calculate the highest common divisor of y and 64.
8
Let p be (-25 + 1)/(0 - 1). Suppose 4*n = 2*s + 150, -3*n + 2*s = s - 111. Calculate the greatest common factor of p and n.
12
Let r = -2 - -10. Suppose -5*g + r - 3 = 0. Let a be 4/1*(g + 0). Calculate the highest common factor of a and 4.
4
Suppose 2 = -u + 6. Suppose 0 = -k - u*k. Let m(z) = z**2 - z + 16. Let p be m(k). What is the greatest common factor of 128 and p?
16
Suppose h + 2*c = 6*c + 41, -4*c = 2*h - 22. Suppose -2*j + 0*q = -q - 70, j = -3*q + h. Calculate the greatest common factor of 22 and j.
11
Let q(o) = 123*o**2 + o - 1. Let y be q(-2). Suppose -5*s + 2*l + 380 = -y, -3*s = -l - 522. What is the highest common divisor of s and 70?
35
Let i = 34 + -1. Calculate the greatest common factor of i and 11.
11
Let f = 16 + 10. Let n be (-2)/6 + 236/6. What is the greatest common factor of n and f?
13
Let x = 126 + -60. Suppose -3*r - 24 = -7*r. Calculate the greatest common factor of x and r.
6
Let o(g) = g**3 + 8*g**2 - 12*g - 13. Let w be o(-9). Calculate the greatest common factor of w and 21.
7
Let a be 7*((-24)/14 - -2). Let t be 2/8 + 54/8. Let g = -5 + t. What is the highest common divisor of g and a?
2
Let c be (36/16)/((-6)/(-32)). Calculate the highest common divisor of c and 60.
12
Suppose -161 = 2*u - 3*u - 3*h, 2*h + 616 = 4*u. Calculate the greatest common divisor of u and 62.
31
Suppose 4*u + 5*d = 20, -5*u - 2*d = -u - 32. Let m be 3 + 63/(-14) - 23/(-2). Calculate the greatest common factor of u and m.
10
Let g be (-1 - (-27)/15)*10. Calculate the highest common divisor of 64 and g.
8
Suppose 2*l - 6 - 30 = 0. Suppose 25*o - 28*o + 6 = 0. Calculate the greatest common divisor of o and l.
2
Let t(v) = -v - 9. Let p be t(-7). Let g be ((-304)/1)/p - -1. Calculate the highest common divisor of g and 17.
17
Suppose -11*y + 14*y = 30. What is the greatest common divisor of 25 and y?
5
Let i(q) = -q**3 - 5*q**2 + 2*q + 11. Let n be i(-6). Calculate the greatest common divisor of n and 35.
35
Let v = -15 + 13. Let t(p) = -4*p - 2. Let u be t(v). Calculate the greatest common divisor of 15 and u.
3
Let